{"id":89,"date":"2017-08-21T15:22:47","date_gmt":"2017-08-21T15:22:47","guid":{"rendered":"http:\/\/optimusvertragus.info\/?page_id=89"},"modified":"2018-05-02T17:21:56","modified_gmt":"2018-05-02T17:21:56","slug":"tagebuch-a-wurf","status":"publish","type":"page","link":"http:\/\/optimusvertragus.info\/?page_id=89","title":{"rendered":"Tagebuch A-Wurf"},"content":{"rendered":"<p>Astarte war leider der einzige Welpe aus dieser vielversprechenden Verpaarung. Bis zum Ultraschall war nicht eindeutig klar, ob Chilly \u00fcberhaupt tragend ist. Aber dann war doch ein eindeutiges Bild zu erkennen und meine Freude riesengro\u00df. Da sie ein Einzelkind und dazu noch mein erster Wurf war, habe ich umso mehr Liebe und Zeit mit der Aufzucht verbracht. Und wie sich bis zur Abgabe zeigte, auch nicht umsonst. Was aus ihr sp\u00e4ter wird, kann ich leider nicht mehr beeinflussen. Das liegt im Ermessen der neuen Besitzer.<\/p>\n<p>Freitag, 02.07.2004<br \/>\nMittlerweile sind wir \u00fcber den Verlust unserer Astarte hinweggekommen. Ich habe das besser verkraftet, wie angenommen. Gerade weil wir nur einen Welpen hatten, wurde dieser umso intensiver betreut und der Abschied fiel dann doch dementsprechend schwer. Chilly realisiert erst jetzt, dass die Zeiten ihrer Mutterpflichten nun zu Ende sind. Simone berichtet, dass sich Lilly vom ersten Tag an sauwohl gef\u00fchlt hat und die Familie ganz sch\u00f6n aufmischt. Da sie ja auch ein Windspiel haben, ist sie nicht alleine. Selbst das Fressen klappt wunderbar. Jetzt wo die Milchbar nicht mehr da ist, muss man ja sehen, wo man bleibt. Was mich besonders freut, dass sie zu jedem anderen Lebewesen (egal ob Mensch oder Tier) besonders aufgeschlossen ist und schwanzwedelnd zul\u00e4uft. Das zeigt mir, dass ich in meiner Aufzucht nichts falsch gemacht habe. Auch wenn es viele Skeptiker gab, ich kann mit Stolz sagen, dass ich es geschafft habe.<\/p>\n<p>Mittwoch, 30.06.2004<br \/>\nWie schnell die Zeit doch vergangen ist. Heute war Wurfabnahme und alles unheimlich spannend f\u00fcr mich. Was wird der Zuchtwart wohl sagen; welchen Eindruck werden wir und unsere Hunde machen? Alle Aufregung umsonst. Mein Wurf ist mit Bestnoten durch die Besichtigung gekommen. Lilly hat die T\u00e4towierung gut \u00fcberstanden und jetzt ein gr\u00fcnes Ohr. Gleich nach Verlassen der Zuchtwartin Frau Haidle konnten es die neuen Besitzer kaum erwarten Lilly abzuholen. Die Freude \u00fcber den Familienzuwachs kann man, denke ich, Simone ganz deutlich ansehen. Ich freue mich auch, dass mein erster Welpe in so eine liebevolle Familie gekommen ist. Ich bin mir sicher, die richtige Entscheidung getroffen zu haben.<\/p>\n<p>Samstag 26.06.2004<br \/>\nUnverhoffterweise sind heute meine Schwiegereltern samt Lenz aus dem Urlaub auf R\u00fcgen zur\u00fcckgekommen. Die Wiedersehensfreude von Lenz war enorm. Mann, muss der uns (oder wohl eher die H\u00fcndinnen) vermisst haben. Aber am sch\u00f6nsten war die Begr\u00fc\u00dfung von Lilly mit meiner Schwiegermama. Die zwei haben sich bald nicht mehr eingekriegt vor Freude. Au\u00dferdem kamen heute unsere Windspielfreunde zu Besuch. Frau Dr. Ottersbach hat Lilly geimpft, w\u00e4hrend sich Detlef Vallender um den Rest ihrer und unserer Hundemeute gek\u00fcmmert hat. Einfach nur zum Schie\u00dfen so viele Windspiele auf einem Haufen. Besonders interessant f\u00fcr Lilly, da ja eine Gr\u00f6\u00dfe.<\/p>\n<p>Mittwoch, 23.06.2004<br \/>\nHeute hat Lilly mal schwimmen gelernt \ud83d\ude42 Wie man unschwer erkennen kann, scheint es ihr doch Spa\u00df gemacht zu haben. Nat\u00fcrlich habe ich daf\u00fcr gesorgt, dass Kopf \u00fcber Wasser bleibt. Einfach nur s\u00fc\u00df. So lernt sie, dass man vor Wasser keine Angst haben muss.<\/p>\n<p>Freitag, 18.06.2004<br \/>\nDie Kleine wird immer mehr auch mal ans Alleinsein gew\u00f6hnt. Minutenweise wird sie von der Chilly getrennt. Klappt soweit ganz gut. Auf Wunsch wird ab sofort unser Pampersrocker, wie wir sie liebevoll nennen, Lilly hei\u00dfen. Pa\u00dft wie die Faust auf`s Auge.<\/p>\n<p>Montag, 14.06.2004<br \/>\nAstarte ist der ganze Rummel um ihre Person so richtig egal. Besucher werden liebevoll begr\u00fc\u00dft. Man kann ja auch ganz prima mit denen spielen. Auch Baukrach bez\u00fcglich unseres Hundehauses geht spurlos oder besser gesagt angstlos an ihr vorbei. Ich mag gar nicht daran denken, dass sie schon in zwei Wochen geht. Mein Herz weint jetzt schon. Aber ich denke, ich habe die richtige Wahl getroffen, was die neue Familie betrifft. Ansonsten entwickelt sich die Kleine pr\u00e4chtig. Im Garten toben macht ja so viel Spa\u00df. Da vergi\u00dft man glatt, dass man Hunger hat oder m\u00fcde ist. Auch unser Besucherhund Moritz ist ganz angetan von ihr. Zusammen mit unserem Windspiel spielen die zwei Ersatzeltern. Oder soll ich mich anders ausdr\u00fccken: die Kleine ist f\u00fcr Windspiel und Yorkshire-Terrier ein Leihkind, dass gut beh\u00fctet werden muss. Leider verl\u00e4\u00dft uns Moritz heute. Und auch meine Mama kann sich schwer von Astarte trennen.Was Chilly angeht, gibt es nicht viel zu melden. Sie k\u00fcmmert sich immer noch liebevoll um die kleine. Auch jetzt noch wird sie geputzt und selbst der Schlafplatz der zwei ist lupenrein.<\/p>\n<p>Dienstag, 08.06.2004<br \/>\nHeute bekamen wir Besuch von meiner Mama. Sie war ja ganz hin und weg von Astarte. Und erst der gro\u00dfe schwarze Hund (Coco)? Mittlerweile wird jedes neue Spielzeug uninteressant. Bis auf die Schn\u00fcrsenkel und Hosenbeine der Anwesenden. Da Astarte ja kein Geschwisterchen hat, m\u00fcssen wir halt f\u00fcr Bei\u00dfereien und Rudellerneffekte herhalten. Sie wiegt unterdessen schon fast 1700 gr. Au\u00dferdem bin ich wirklich erstaunt, wie geduldig Chilly ist. Ohrenbei\u00dfen, Treten und Kratzen beim Saugen ist einfach unwichtig. Alle St\u00e4nkereien der s\u00fc\u00dfen Maus werden akzeptiert bzw. geduldig ertragen.<\/p>\n<p>Donnerstag, 03.06.2004<br \/>\nEndlich hat Astarte doch mal feste Nahrung mit gro\u00dfem Interesse zu sich genommen. Ich hatte mittlerweile schon Bedenken gekriegt. War ganz ungewohnt mal was Festes zu fressen. Nun wei\u00df sie auch, wozu die wei\u00dfen Dinger in ihrem Maul gut sind \ud83d\ude42 Nach Spielattacken von Astarte wird fast immer ausgiebig gekuschelt.<\/p>\n<p>Montag, 31.05.2004<br \/>\nDie CACIB Saarbr\u00fccken hat auch das best\u00e4tigt, was ich schon seit langem bef\u00fcrchtete. Coco ist super gelaufen (trotz ihrem ersten Mal im Ring) und gestanden. Dennoch hat es nur f\u00fcr ein sg4 gereicht. Sie war einfach noch nicht soweit. Ich bin nicht traurig. Der Bericht war daf\u00fcr umso sch\u00f6ner. Ich muss auch neidlos anerkennen, dass die anderen Greyh\u00fcndinnen besser waren. Coco ist einfach noch ein wenig zu mager; wenn man das so sagen kann. Dennoch hat sie mich sehr \u00fcberrascht, was das Laufen im Ring anging. Was zu Hause nicht oder nur teilweise klappte, ging im Ring super. Na ja, man muss sich ausw\u00e4rts ja auch dementsprechend pr\u00e4sentieren und zeigen, dass man ein edler Hund ist. Ansonsten alles weitestgehend ruhig im Hause Flick.<\/p>\n<p>Sonntag, 30.05.2004<br \/>\nWas soll ich gro\u00df sagen bzw. schreiben? Was kann man alles so machen wenn man alleine ist? Autofahren, im Freien spielen, andere Familienhunde st\u00e4nkern &#8230; Wie man sieht, der kleinen Astarte wird es dennoch nicht langweilig. Und mein Part als zweite Mama wird voll und ganz beansprucht. Morgen werde ich mit unserer Greyh\u00fcndin Coco auf die CACIB nach Saarbr\u00fccken fahren. Mal sehen &#8230;..<\/p>\n<p>Samstag, 22.05.2004<br \/>\nGestern war der Papa von Astarte samt seinen Besitzern (Familie Franck) zu Besuch. Der Stolz der beiden war deutlich zu erkennen. P\u00fcnktlich am Mittwoch hat Astarte dann auch die Augen ganz auf gemacht. Endlich kann man ja mal sehen, wer einen mit dem t\u00e4glichen Wiegen nervt \ud83d\ude42 Unsere Kleine wiegt jetzt schon stolze 995 gr. Kein Wunder, sie muss ja nicht teilen. Die Pigmentierung von Nase und Mund ist abgeschlossen. Und auch Milchz\u00e4hne kann man schon deutlich erkennen. Ohren \u00f6ffnen sich auch langsam. Ansonsten ist alles in bester Ordnung. Chilly l\u00e4\u00dft die kleine Maus kaum aus den Augen. Dennoch m\u00f6chte sie jetzt ab und an f\u00fcr ein paar Minuten mit uns kuscheln. Aber man muss es ja nicht \u00dcbertreiben und so ist ihr das Wohl von Astarte dann doch wichtiger als unsere Streicheleinheiten.<\/p>\n<p>Dienstag, 18.05.2004<br \/>\nSo langsam entscheidet sich die kleine Astarte dazu die Augen zu \u00f6ffnen. Sieht schon irgendwie komisch aus, wenn ein Auge halb und das andere noch nicht offen ist. Ansonsten soweit nichts neues aus dem Welpenhaus.<\/p>\n<p>Mittwoch, 12.05.2004<br \/>\nHeute hat Astarte bereits zum zweiten Mal die Krallen geschnitten bekommen. Dabei ist mir so einiges durch den Kopf gegangen: Vor einiger Zeit wurde ich mal gefragt, welche W\u00fcrfe in der sp\u00e4teren Entwicklung besser voran sind: die Fr\u00fchjahrsw\u00fcrfe (so wie meiner jetzt) oder Winterw\u00fcrfe. Die Frage ging insbesondere auf die Stubenreinheit und das Gassi gehen bei schlechtem Wetter. Ich finde beide W\u00fcrfe haben ihre Vor- und Nachteile.<\/p>\n<p>Donnerstag, 06.05.2004<br \/>\nAstarte entwickelt sich pr\u00e4chtig. Von der Milchbar ist sie gar nicht mehr wegzudenken. Inzwischen hat die Pigmentierung der Nase begonnen und die Kleine sieht wirklich niedlich aus in ihrem Spr\u00e4nkeldesign. Eine Gewichtszunahme von 100 g in 5 Tagen ist schon ordentlich. Heute hat Astarte zum ersten Mal ihre Krallen geschnitten bekommen. Hat ihr so gar nicht gefallen. Aber Mama war ja in der N\u00e4he. Im \u00dcbrigen ist Chilly eine sehr umsorgende Mutter. Das W\u00fcrmchen ist immer blank geputzt. Auch die Welpenkiste l\u00e4\u00dft keinen Grund zum Bem\u00e4ngeln.<\/p>\n<p>Montag, 03.05.2004<br \/>\nChilly l\u00e4\u00dft ihre kleine kaum aus den Augen: Nur mit gr\u00f6\u00dfter M\u00fche ist sie zum Gassi gehen zu bewegen. Es wird angehalten bis es nicht mehr geht. So schnell war Chilly noch nie mit ihren Gesch\u00e4ften fertig. Das ewige Pr\u00fcfen, schnuppern und suchen entf\u00e4llt aus Sehnsucht zu der kleinen komplett. Chilly l\u00e4\u00dft alle Untersuchungen meinerseits an Astarte geduldig geschehen. Mittlerweile hat die kleine ein Gewicht von 240 g erreicht. Kein Wunder, sie hat ja auch die ganze Milchbar f\u00fcr sich alleine.<\/p>\n<p>Samstag, 01.05.2004 16.45 Uhr<br \/>\nChilly entbindet die kleine Astarte. Das Whippetm\u00e4dchen ist 210 g schwer und hat einen dunkelgestromten Mantel mit wei\u00dfen Abzeichen und wei\u00dfer Blesse. Sie ist nach wenigen Augenblicken sehr agil und lebhaft.<\/p>\n<p>Samstag, 01.05.2004 15.45 Uhr<br \/>\nDie Wehen haben eingesetzt.<\/p>\n<p>Samstag, 01.05.2004 10.00 Uhr<br \/>\nDer Geburtstermin r\u00fcckt immer n\u00e4her und ich benehme mich inzwischen wie ein Vater bei der ersten Niederkunft seiner Frau, den Flur vor dem Krei\u00dfsaal nerv\u00f6s auf- und abschreitend.<\/p>\n<p>Sonntag, 25.04.2004<br \/>\nJetzt sind es nur noch knapp 2 Wochen bis zu unserem ersten Windhundwurf. Chilly darf mittlerweile ihre Fre\u00dfzeiten selbst bestimmen. Der Krei\u00dfsaal ist vorbereitet und wurde auch schon ausgiebig begutachtet und getestet. Dennoch kommen wir nicht zur Ruhe. Momentan sind wir in den letzten Z\u00fcgen f\u00fcr unser Welpenhaus. Das 12 qm gro\u00dfe Blockbohlenhaus ist schon angeliefert und wird in den n\u00e4chsten Tagen aufgebaut.<\/p>\n","protected":false},"excerpt":{"rendered":"<p>Astarte war leider der einzige Welpe aus dieser vielversprechenden Verpaarung. Bis zum Ultraschall war nicht eindeutig klar, ob Chilly \u00fcberhaupt tragend ist. Aber dann war doch ein eindeutiges Bild zu erkennen und meine Freude riesengro\u00df. Da sie ein Einzelkind und dazu noch mein erster Wurf war, habe ich umso mehr Liebe und Zeit mit der [&hellip;]<\/p>\n","protected":false},"author":1,"featured_media":0,"parent":22,"menu_order":0,"comment_status":"closed","ping_status":"closed","template":"","meta":[],"_links":{"self":[{"href":"http:\/\/optimusvertragus.info\/index.php?rest_route=\/wp\/v2\/pages\/89"}],"collection":[{"href":"http:\/\/optimusvertragus.info\/index.php?rest_route=\/wp\/v2\/pages"}],"about":[{"href":"http:\/\/optimusvertragus.info\/index.php?rest_route=\/wp\/v2\/types\/page"}],"author":[{"embeddable":true,"href":"http:\/\/optimusvertragus.info\/index.php?rest_route=\/wp\/v2\/users\/1"}],"replies":[{"embeddable":true,"href":"http:\/\/optimusvertragus.info\/index.php?rest_route=%2Fwp%2Fv2%2Fcomments&post=89"}],"version-history":[{"count":5,"href":"http:\/\/optimusvertragus.info\/index.php?rest_route=\/wp\/v2\/pages\/89\/revisions"}],"predecessor-version":[{"id":473,"href":"http:\/\/optimusvertragus.info\/index.php?rest_route=\/wp\/v2\/pages\/89\/revisions\/473"}],"up":[{"embeddable":true,"href":"http:\/\/optimusvertragus.info\/index.php?rest_route=\/wp\/v2\/pages\/22"}],"wp:attachment":[{"href":"http:\/\/optimusvertragus.info\/index.php?rest_route=%2Fwp%2Fv2%2Fmedia&parent=89"}],"curies":[{"name":"wp","href":"https:\/\/api.w.org\/{rel}","templated":true}]}}